*j + 5. Let x(b) = h*n(b) - 7*y(b). Determine x(3).
-7
Let i(z) = -z**3 - 5*z**2 + 10*z + 8. Let d = 19 + -25. Determine i(d).
-16
Let n(b) = -b + 3. Let g = -6 + 41. Suppose -22 = -p + 2*d, g = 2*p + 2*d - 3*d. Suppose 0 = 7*q - 3*q - p. Give n(q).
-1
Let r(m) = -m + 1. Let d be (-40)/12 + (-2)/(-6). Let v(h) = -2*h - 6. Let u(c) = d*r(c) + v(c). Calculate u(0).
-9
Let u(g) = -5 - 5 + g + 2. What is u(4)?
-4
Let x(i) = i**3 + 8*i**2 + i + 11. Let z be x(-8). Suppose 7 = -z*h + 1. Let k(t) = -2*t + 2. Give k(h).
6
Let b(m) = -3*m - 3. Let c be b(-1). Let x(t) = t - 8. What is x(c)?
-8
Let p(c) = -6 + 29 - 2*c - 11 - 8. Determine p(-4).
12
Suppose -3*r = -r + g + 5, 0 = 2*r - 4*g - 10. Let y(b) = b - 4*b - 3*b. Calculate y(r).
6
Let h(d) = -d**3 + 8*d**2 - 8*d + 6. Suppose 0 = 4*f - i - 27, 4*f - 29 - 4 = -5*i. Determine h(f).
-1
Let t(w) = -w**3 - 4. Suppose 5 = 4*c - y, -c + 0*y = -2*y - 10. Let j be t(c). Let d(a) = a**3 + 6*a**2 + 4*a - 1. Give d(j).
15
Let w(z) = z**2 - 6*z + 7. Let l be w(5). Suppose -4*v + 7 = -1. Let a(n) = -5*n**2 + 1 + 3*n**2 - v*n + 2. Determine a(l).
-9
Suppose 0 = 5*f + 30 - 10. Let d(r) = -r**2 + r + 2. Give d(f).
-18
Suppose -z = 4*z - 15. Let r(l) = 4 - l + l + z + l. Let j = -13 - -8. Calculate r(j).
2
Let x(v) = -v**2 - 10*v - 10. Suppose -9*a - 63 = -2*a. Calculate x(a).
-1
Let c(o) = -20*o + 1. Suppose -2*j - j - 14 = 5*k, 3*k + 2*j + 9 = 0. Calculate c(k).
21
Let c(n) = -n + 4*n**2 - n**3 + 15*n**2 - 21*n**2 - 1. What is c(-2)?
1
Let k(g) be the second derivative of g**2 + 0 - 2*g - g**3 - 5/24*g**4 - 1/60*g**5. Let y(s) be the first derivative of k(s). Give y(-4).
-2
Let k(i) = -5*i + 2. Let r(j) = 9*j - 4. Let a(c) = -11*k(c) - 6*r(c). Give a(0).
2
Let v(a) = 2*a**2 + a + 2. Let u(p) = -3*p**2 + p. Suppose -5*f + 8 = -2. Suppose -2*k + 0*k + f = 0. Let s be u(k). What is v(s)?
8
Let j(f) = f**2 - 5*f. Suppose -7*k - 64 = -3*k. Let z = k + 21. Give j(z).
0
Let x(l) = l**2 - 11*l + 11*l. Suppose 8 = 2*f + 6. Calculate x(f).
1
Let c(l) be the first derivative of -l**5/60 + 5*l**4/24 - l**3 + l**2 + 6. Let g(w) be the second derivative of c(w). Calculate g(4).
-2
Let d(o) = -o**2 - o + 13. Suppose z + 1 = 3*i + 2, -5*i - z + 1 = 0. Calculate d(i).
13
Let w(j) = -2*j**3 - 4*j**2 - 3*j - 1. Let s be w(-2). Suppose s*c + 5 + 20 = 0. Let g(h) = h**3 + 6*h**2 + 4*h. Calculate g(c).
5
Let l be 5*1 - (2 - 1). Let m(h) be the third derivative of -2/3*h**3 + 0*h + 0 - h**2 + 1/24*h**4. Determine m(l).
0
Let l(o) be the third derivative of o**7/1680 + o**6/360 - o**5/6 - 2*o**2. Let r(v) be the third derivative of l(v). Determine r(-3).
-7
Let m be (-4)/3*(5 - 8). Let h(t) = -6*t - m + 2 + 2 + 1. What is h(1)?
-5
Let u(d) = -d + 1. Let f(p) = -p**2 - 7*p + 4. Let a(l) = f(l) - 5*u(l). Give a(-3).
-4
Let u(z) be the third derivative of z**6/120 - 7*z**5/60 + z**4/4 - 5*z**2. What is u(6)?
0
Let t be (-5*6/15)/((-4)/18). Let m(z) = z**2 - 10*z + 6. Calculate m(t).
-3
Let x(z) = 10*z**3 - z + z**2 - 11*z**3 + z**2 + 2*z + 1. Calculate x(-2).
15
Let p(u) = -7*u**3 - u**2 - u. Suppose 6*j = 3*j. Suppose 2*m - 3 = -z, -15 = -j*z - 3*z. Give p(m).
7
Let i(g) = -2*g + 2 - 7*g + 21*g - 8*g. Calculate i(-2).
-6
Let c(d) = -5*d**2 + 3*d - 5 + d**3 + 37 - 31. Suppose -4*k + 10 = -2. What is c(k)?
-8
Let x(c) = -c**3 - 5*c**2 + 5*c - 8. Let l(i) = 2*i - 16. Let p be l(5). Determine x(p).
-2
Let g(i) = -i - 10. Let u = -36 - -25. Let t be g(u). Let x(l) = l**3 + l**2. Determine x(t).
2
Let u(j) = 2*j - 2. Suppose 0 = c - x + 9, 4*c - 5*x = -14 - 25. Determine u(c).
-14
Let q = 24 + -34. Let p = q - -11. Let n(v) = -3*v**3 + v**2 - 1. Calculate n(p).
-3
Let c(f) = f**2 + 2*f - 2. Let p be (-1 - -1) + -1 + 0. Let d be -9*(2/3 + p). Suppose d*k + 0*k = -6. What is c(k)?
-2
Suppose 0*m + m = -14. Let y = 15 + m. Let r(n) = -6*n**3 + 2*n - 1. Give r(y).
-5
Suppose -5*n - 20 = -n. Let x(c) = -2*c. Let m be x(-1). Let q(i) = i + i - i + m. What is q(n)?
-3
Let q(s) be the second derivative of s**3/6 - 3*s**2 - 5*s. What is q(4)?
-2
Let l(n) = -n**2 - n + 1. Let f(c) = c**3 - 4*c**2 - 2*c + 3. Let t(r) = f(r) - 3*l(r). Calculate t(0).
0
Let n(h) = -4*h + 603 - 306 + h**2 - 296. Give n(3).
-2
Let y(v) = v**2 + 3*v - 6. Suppose 0 = -i - 3*x - 2, -3*i + 2*x - 12 = -i. Give y(i).
4
Let v(z) = 2*z - 2. Let t = 41 + -36. Give v(t).
8
Let o be (20/6)/(5/15). Suppose 3*q + 2*q = o. Let f(m) = -3*m**2 - m**3 + 4*m**2 - 2 + 0*m**q + 3. Calculate f(2).
-3
Let c(g) = -g**2 + g. Let y be c(1). Let b(o) = -2*o + 2*o - o - 793 + 792. Determine b(y).
-1
Let r be ((-11)/(-33))/((-2)/6). Let m(b) = -21*b**2 + 11*b + 11. Let w(x) = 4 + 5*x - 4*x - 7*x**2 + 3*x. Let v(f) = 3*m(f) - 8*w(f). Calculate v(r).
-7
Let i(k) = -2*k - 5. Let v(s) = s - 14. Let t be v(8). What is i(t)?
7
Let v(r) = r**3 + 8*r**2 + 6*r + 2. Let j(z) = -z**2 + z - 1. Let f(g) = j(g) + v(g). Let b be f(-6). Let x(c) = -c**2 - 6*c - 3. Give x(b).
2
Let q(d) = d**2 - 3*d - 5. Suppose 0 = -2*a + a - 14. Let t be (-66)/a - 4/(-14). Determine q(t).
5
Let r(j) = j**2 - 6*j - 1. Suppose -d = -6*d + 25. Suppose -2*g - 16 = -5*t - 3*g, d*t = g + 14. Give r(t).
-10
Let y(f) = -16*f**2 + 36*f - 21. Let m(r) = 3*r**2 - 7*r + 4. Suppose u + 3*q + 11 = 0, 3*q + 10 = u - q. Let n(a) = u*y(a) - 11*m(a). What is n(5)?
-2
Let q be 20/8*(-4)/(-5). Let v(o) be the first derivative of 1/3*o**3 - 2*o - 1 + 0*o**q. What is v(-2)?
2
Let b = -15 - -17. Suppose 0 = -2*j - 5*u + 3, b*u = -4*j - 0*u - 18. Let q(i) = i - 5. What is q(j)?
-11
Let f(u) be the first derivative of 0*u**2 + 0*u + 1/24*u**4 + 1 - 1/3*u**3 - 1/60*u**5. Let g(c) be the third derivative of f(c). Determine g(-4).
9
Suppose -2*x - 22 = -4*m, -19 - 33 = 2*x + 2*m. Let k = -14 - x. Suppose -k*l + 4 = -6*l. Let s(g) = g**2 - g - 5. Determine s(l).
7
Suppose -2 = n - 5. Let k(a) = -3*a**2 - 3 + 4*a + 0*a**n + a**3 + 0*a. What is k(2)?
1
Let t(j) = -j**3 + 11*j**2 - 11*j + 6. Let i be t(10). Let u be (i/10)/(10/(-50)). Let l(c) = 2*c**2 - 2. Give l(u).
6
Let c(r) be the first derivative of -7*r**2/2 - 1. Let w be (-3 - (-28)/4) + (3 - 9). Calculate c(w).
14
Let i(r) = r + 2. Let n(o) = o + 2. Let d(h) = -2*i(h) + 3*n(h). Calculate d(2).
4
Let n be 1 + (1 - (0 - -4)). Let l = n + -1. Let b(g) = -3*g. What is b(l)?
9
Let o(d) = -7*d. Suppose -29*s + 13 = -16*s. Determine o(s).
-7
Let u(p) = p + 7. Let m be u(-3). Let h(c) = -c**3 + c**2 - c - 1. Let k(v) = 5*v**3 - 8*v**2 + 7*v - 2. Let t(b) = -4*h(b) - k(b). Give t(m).
-6
Let k be -1*(0/2)/2. Suppose o - 3*i - 5 = -k*i, -2*o - 4*i = 0. Let g(c) = c**3 - 3*c**2 - c + 2. Determine g(o).
-4
Let o be 6/((4/24)/(2/18)). Let l(c) = 3*c - 4. What is l(o)?
8
Let s(z) be the first derivative of -z**3/3 + 5*z**2/2 + z + 1. Let y = -20 + 23. Determine s(y).
7
Let x be (-6)/24 - (-26)/8. Let j(q) = x + 0*q + 2 + q. Let f be 2/2*5/(-1). Determine j(f).
0
Let r(l) be the second derivative of l**4/12 + 2*l**3/3 + 3*l**2 + 4*l. What is r(-4)?
6
Let i be (-3 + -9 + 2)*-1. Let k = i + -8. Let z(o) = -6*o + 2. What is z(k)?
-10
Let n(m) = -m**3 + 8*m**2 + m - 1. Let o(l) = -l. Let h be o(-8). Let t be n(h). Let j(r) = r**3 - 7*r**2 + 4. Give j(t).
4
Suppose -1 = 3*r - 7. Let n(x) = 6*x - 3*x**r + x**3 + 5*x**2 + 6 + 5*x**2. Calculate n(-6).
6
Let z(x) = -x**2 - x - 5. Let v = 18 + -12. Suppose -2*w = -v*w. Determine z(w).
-5
Let j be ((-11)/2 - -2)*(-24)/14. Let m(o) = o - 8. What is m(j)?
-2
Suppose -2*b - 15 = -1. Let k(f) = f**2 + 8*f - 5. Give k(b).
-12
Suppose 0 = -0*n - 2*n - 2*t, -4*t - 8 = 0. Let a be 1 + -2*(-2)/4. Let b(y) = -2*y**2 + y + y**a - y**2 + y**3. Determine b(n).
2
Let l(i) = -i**3 - 6*i**2 - 5. Suppose 4*k + 18 = k. Give l(k).
-5
Suppose 2*v - 15 = -3. Let u(n) = n - 7. What is u(v)?
-1
Let n be 8/20 - 9/(-15). Suppose -4*b = 3*x + 2 + 6, 0 = -3*b - x - n. Let h(o) = -5*o**3 + 2*o**2 - 1. Give h(b).
-4
Let d(j) = -5 - j**3 - 4*j + 8*j**2 - 3*j**2 + 0*j. Let g = -1 + 0. Let a be g/((-2)/(24/3)). Calculate d(a).
-5
Let v(g) = 7*g - 4. Suppose 5*n = 61 - 6. Let o(r) = -13*r + 7. Let y(x) = n*v(x) + 6*o(x). Suppose 3*h - 15 = 4*w, -w - 3*h - 2*h + 2 = 0. Calculate y(w).
1
Let u(s) = -s**2 + 4*s - 2. Suppose -4 = -p + 2*p + 4*d, 2*d = 0. Let k be (10/p)/(2/(-4)). Determine u(k).
-7
Let a(w) be the 